{"id":3528,"date":"2024-06-19T17:50:08","date_gmt":"2024-06-19T15:50:08","guid":{"rendered":"https:\/\/hippy-carnivoras-house.com\/plantas-carnivoras-barcelona-hippy-carnivoras-house\/?post_type=product&#038;p=3528"},"modified":"2024-06-26T18:17:51","modified_gmt":"2024-06-26T16:17:51","slug":"bio-bloom","status":"publish","type":"product","link":"https:\/\/hippy-carnivoras-house.com\/plantas-carnivoras-barcelona-hippy-carnivoras-house\/producto\/bio-bloom\/","title":{"rendered":"Bio.Bloom"},"content":{"rendered":"<div class='sp_global_notice'><\/div><div class='sp_global_notice'><\/div><div class='sp_global_notice'><\/div><div class='sp_global_notice'><\/div><div class='sp_global_notice'><\/div><div class='sp_global_notice'><\/div><p>Bio.Bloom es un fertilizante, abono con extracto de algas que se puede utilizar desde el per\u00edodo de floraci\u00f3n hasta la recolecci\u00f3n.<\/p>\n","protected":false},"excerpt":{"rendered":"<p>Bio.Bloom es un fertilizante de floraci\u00f3n ecol\u00f3gico.<\/p>\n","protected":false},"featured_media":3529,"comment_status":"open","ping_status":"closed","template":"","meta":{"_eb_attr":""},"product_brand":[],"product_cat":[59],"product_tag":[],"class_list":{"0":"post-3528","1":"product","2":"type-product","3":"status-publish","4":"has-post-thumbnail","6":"product_cat-fertilizantes","8":"first","9":"instock","10":"shipping-taxable","11":"product-type-simple"},"yoast_head":"<!-- This site is optimized with the Yoast SEO plugin v25.5 - https:\/\/yoast.com\/wordpress\/plugins\/seo\/ -->\n<title>Bio.Bloom - Plantas carnivoras en Barcelona Hippy Carnivoras House<\/title>\n<meta name=\"robots\" content=\"index, follow, max-snippet:-1, max-image-preview:large, max-video-preview:-1\" \/>\n<link rel=\"canonical\" href=\"https:\/\/hippy-carnivoras-house.com\/plantas-carnivoras-barcelona-hippy-carnivoras-house\/producto\/bio-bloom\/\" \/>\n<meta property=\"og:locale\" content=\"es_ES\" \/>\n<meta property=\"og:type\" content=\"article\" \/>\n<meta property=\"og:title\" content=\"Bio.Bloom - Plantas carnivoras en Barcelona Hippy Carnivoras House\" \/>\n<meta property=\"og:description\" content=\"Bio.Bloom es un fertilizante de floraci\u00f3n ecol\u00f3gico.\" \/>\n<meta property=\"og:url\" content=\"https:\/\/hippy-carnivoras-house.com\/plantas-carnivoras-barcelona-hippy-carnivoras-house\/producto\/bio-bloom\/\" \/>\n<meta property=\"og:site_name\" content=\"Plantas carnivoras en Barcelona Hippy Carnivoras House\" \/>\n<meta property=\"article:modified_time\" content=\"2024-06-26T16:17:51+00:00\" \/>\n<meta property=\"og:image\" content=\"https:\/\/hippy-carnivoras-house.com\/wp-content\/uploads\/2024\/06\/Untitled-design-9-scaled.jpg\" \/>\n\t<meta property=\"og:image:width\" content=\"1437\" \/>\n\t<meta property=\"og:image:height\" content=\"2560\" \/>\n\t<meta property=\"og:image:type\" content=\"image\/jpeg\" \/>\n<meta name=\"twitter:card\" content=\"summary_large_image\" \/>\n<script type=\"application\/ld+json\" class=\"yoast-schema-graph\">{\"@context\":\"https:\/\/schema.org\",\"@graph\":[{\"@type\":\"WebPage\",\"@id\":\"https:\/\/hippy-carnivoras-house.com\/plantas-carnivoras-barcelona-hippy-carnivoras-house\/producto\/bio-bloom\/\",\"url\":\"https:\/\/hippy-carnivoras-house.com\/plantas-carnivoras-barcelona-hippy-carnivoras-house\/producto\/bio-bloom\/\",\"name\":\"Bio.Bloom - Plantas carnivoras en Barcelona Hippy Carnivoras House\",\"isPartOf\":{\"@id\":\"https:\/\/hippy-carnivoras-house.com\/plantas-carnivoras-barcelona-hippy-carnivoras-house\/#website\"},\"primaryImageOfPage\":{\"@id\":\"https:\/\/hippy-carnivoras-house.com\/plantas-carnivoras-barcelona-hippy-carnivoras-house\/producto\/bio-bloom\/#primaryimage\"},\"image\":{\"@id\":\"https:\/\/hippy-carnivoras-house.com\/plantas-carnivoras-barcelona-hippy-carnivoras-house\/producto\/bio-bloom\/#primaryimage\"},\"thumbnailUrl\":\"https:\/\/hippy-carnivoras-house.com\/wp-content\/uploads\/2024\/06\/Untitled-design-9-scaled.jpg\",\"datePublished\":\"2024-06-19T15:50:08+00:00\",\"dateModified\":\"2024-06-26T16:17:51+00:00\",\"breadcrumb\":{\"@id\":\"https:\/\/hippy-carnivoras-house.com\/plantas-carnivoras-barcelona-hippy-carnivoras-house\/producto\/bio-bloom\/#breadcrumb\"},\"inLanguage\":\"es\",\"potentialAction\":[{\"@type\":\"ReadAction\",\"target\":[\"https:\/\/hippy-carnivoras-house.com\/plantas-carnivoras-barcelona-hippy-carnivoras-house\/producto\/bio-bloom\/\"]}]},{\"@type\":\"ImageObject\",\"inLanguage\":\"es\",\"@id\":\"https:\/\/hippy-carnivoras-house.com\/plantas-carnivoras-barcelona-hippy-carnivoras-house\/producto\/bio-bloom\/#primaryimage\",\"url\":\"https:\/\/hippy-carnivoras-house.com\/wp-content\/uploads\/2024\/06\/Untitled-design-9-scaled.jpg\",\"contentUrl\":\"https:\/\/hippy-carnivoras-house.com\/wp-content\/uploads\/2024\/06\/Untitled-design-9-scaled.jpg\",\"width\":1437,\"height\":2560},{\"@type\":\"BreadcrumbList\",\"@id\":\"https:\/\/hippy-carnivoras-house.com\/plantas-carnivoras-barcelona-hippy-carnivoras-house\/producto\/bio-bloom\/#breadcrumb\",\"itemListElement\":[{\"@type\":\"ListItem\",\"position\":1,\"name\":\"Portada\",\"item\":\"https:\/\/hippy-carnivoras-house.com\/plantas-carnivoras-barcelona-hippy-carnivoras-house\/\"},{\"@type\":\"ListItem\",\"position\":2,\"name\":\"Productos\",\"item\":\"https:\/\/hippy-carnivoras-house.com\/plantas-carnivoras-barcelona-hippy-carnivoras-house\/shop\/\"},{\"@type\":\"ListItem\",\"position\":3,\"name\":\"Productos\",\"item\":\"https:\/\/hippy-carnivoras-house.com\/plantas-carnivoras-barcelona-hippy-carnivoras-house\/categoria-producto\/productos\/\"},{\"@type\":\"ListItem\",\"position\":4,\"name\":\"Fertilizantes\",\"item\":\"https:\/\/hippy-carnivoras-house.com\/plantas-carnivoras-barcelona-hippy-carnivoras-house\/categoria-producto\/productos\/fertilizantes\/\"},{\"@type\":\"ListItem\",\"position\":5,\"name\":\"Bio.Bloom\"}]},{\"@type\":\"WebSite\",\"@id\":\"https:\/\/hippy-carnivoras-house.com\/plantas-carnivoras-barcelona-hippy-carnivoras-house\/#website\",\"url\":\"https:\/\/hippy-carnivoras-house.com\/plantas-carnivoras-barcelona-hippy-carnivoras-house\/\",\"name\":\"Hippy Carnivoras House\",\"description\":\"\",\"publisher\":{\"@id\":\"https:\/\/hippy-carnivoras-house.com\/plantas-carnivoras-barcelona-hippy-carnivoras-house\/#organization\"},\"alternateName\":\"HCH\",\"potentialAction\":[{\"@type\":\"SearchAction\",\"target\":{\"@type\":\"EntryPoint\",\"urlTemplate\":\"https:\/\/hippy-carnivoras-house.com\/plantas-carnivoras-barcelona-hippy-carnivoras-house\/?s={search_term_string}\"},\"query-input\":{\"@type\":\"PropertyValueSpecification\",\"valueRequired\":true,\"valueName\":\"search_term_string\"}}],\"inLanguage\":\"es\"},{\"@type\":\"Organization\",\"@id\":\"https:\/\/hippy-carnivoras-house.com\/plantas-carnivoras-barcelona-hippy-carnivoras-house\/#organization\",\"name\":\"Hippy Carnivoras House\",\"url\":\"https:\/\/hippy-carnivoras-house.com\/plantas-carnivoras-barcelona-hippy-carnivoras-house\/\",\"logo\":{\"@type\":\"ImageObject\",\"inLanguage\":\"es\",\"@id\":\"https:\/\/hippy-carnivoras-house.com\/plantas-carnivoras-barcelona-hippy-carnivoras-house\/#\/schema\/logo\/image\/\",\"url\":\"https:\/\/hippy-carnivoras-house.com\/wp-content\/uploads\/2024\/06\/cropped-cropped-Asset-2-1.png\",\"contentUrl\":\"https:\/\/hippy-carnivoras-house.com\/wp-content\/uploads\/2024\/06\/cropped-cropped-Asset-2-1.png\",\"width\":843,\"height\":331,\"caption\":\"Hippy Carnivoras House\"},\"image\":{\"@id\":\"https:\/\/hippy-carnivoras-house.com\/plantas-carnivoras-barcelona-hippy-carnivoras-house\/#\/schema\/logo\/image\/\"}}]}<\/script>\n<!-- \/ Yoast SEO plugin. -->","yoast_head_json":{"title":"Bio.Bloom - Plantas carnivoras en Barcelona Hippy Carnivoras House","robots":{"index":"index","follow":"follow","max-snippet":"max-snippet:-1","max-image-preview":"max-image-preview:large","max-video-preview":"max-video-preview:-1"},"canonical":"https:\/\/hippy-carnivoras-house.com\/plantas-carnivoras-barcelona-hippy-carnivoras-house\/producto\/bio-bloom\/","og_locale":"es_ES","og_type":"article","og_title":"Bio.Bloom - Plantas carnivoras en Barcelona Hippy Carnivoras House","og_description":"Bio.Bloom es un fertilizante de floraci\u00f3n ecol\u00f3gico.","og_url":"https:\/\/hippy-carnivoras-house.com\/plantas-carnivoras-barcelona-hippy-carnivoras-house\/producto\/bio-bloom\/","og_site_name":"Plantas carnivoras en Barcelona Hippy Carnivoras House","article_modified_time":"2024-06-26T16:17:51+00:00","og_image":[{"width":1437,"height":2560,"url":"https:\/\/hippy-carnivoras-house.com\/wp-content\/uploads\/2024\/06\/Untitled-design-9-scaled.jpg","type":"image\/jpeg"}],"twitter_card":"summary_large_image","schema":{"@context":"https:\/\/schema.org","@graph":[{"@type":"WebPage","@id":"https:\/\/hippy-carnivoras-house.com\/plantas-carnivoras-barcelona-hippy-carnivoras-house\/producto\/bio-bloom\/","url":"https:\/\/hippy-carnivoras-house.com\/plantas-carnivoras-barcelona-hippy-carnivoras-house\/producto\/bio-bloom\/","name":"Bio.Bloom - Plantas carnivoras en Barcelona Hippy Carnivoras House","isPartOf":{"@id":"https:\/\/hippy-carnivoras-house.com\/plantas-carnivoras-barcelona-hippy-carnivoras-house\/#website"},"primaryImageOfPage":{"@id":"https:\/\/hippy-carnivoras-house.com\/plantas-carnivoras-barcelona-hippy-carnivoras-house\/producto\/bio-bloom\/#primaryimage"},"image":{"@id":"https:\/\/hippy-carnivoras-house.com\/plantas-carnivoras-barcelona-hippy-carnivoras-house\/producto\/bio-bloom\/#primaryimage"},"thumbnailUrl":"https:\/\/hippy-carnivoras-house.com\/wp-content\/uploads\/2024\/06\/Untitled-design-9-scaled.jpg","datePublished":"2024-06-19T15:50:08+00:00","dateModified":"2024-06-26T16:17:51+00:00","breadcrumb":{"@id":"https:\/\/hippy-carnivoras-house.com\/plantas-carnivoras-barcelona-hippy-carnivoras-house\/producto\/bio-bloom\/#breadcrumb"},"inLanguage":"es","potentialAction":[{"@type":"ReadAction","target":["https:\/\/hippy-carnivoras-house.com\/plantas-carnivoras-barcelona-hippy-carnivoras-house\/producto\/bio-bloom\/"]}]},{"@type":"ImageObject","inLanguage":"es","@id":"https:\/\/hippy-carnivoras-house.com\/plantas-carnivoras-barcelona-hippy-carnivoras-house\/producto\/bio-bloom\/#primaryimage","url":"https:\/\/hippy-carnivoras-house.com\/wp-content\/uploads\/2024\/06\/Untitled-design-9-scaled.jpg","contentUrl":"https:\/\/hippy-carnivoras-house.com\/wp-content\/uploads\/2024\/06\/Untitled-design-9-scaled.jpg","width":1437,"height":2560},{"@type":"BreadcrumbList","@id":"https:\/\/hippy-carnivoras-house.com\/plantas-carnivoras-barcelona-hippy-carnivoras-house\/producto\/bio-bloom\/#breadcrumb","itemListElement":[{"@type":"ListItem","position":1,"name":"Portada","item":"https:\/\/hippy-carnivoras-house.com\/plantas-carnivoras-barcelona-hippy-carnivoras-house\/"},{"@type":"ListItem","position":2,"name":"Productos","item":"https:\/\/hippy-carnivoras-house.com\/plantas-carnivoras-barcelona-hippy-carnivoras-house\/shop\/"},{"@type":"ListItem","position":3,"name":"Productos","item":"https:\/\/hippy-carnivoras-house.com\/plantas-carnivoras-barcelona-hippy-carnivoras-house\/categoria-producto\/productos\/"},{"@type":"ListItem","position":4,"name":"Fertilizantes","item":"https:\/\/hippy-carnivoras-house.com\/plantas-carnivoras-barcelona-hippy-carnivoras-house\/categoria-producto\/productos\/fertilizantes\/"},{"@type":"ListItem","position":5,"name":"Bio.Bloom"}]},{"@type":"WebSite","@id":"https:\/\/hippy-carnivoras-house.com\/plantas-carnivoras-barcelona-hippy-carnivoras-house\/#website","url":"https:\/\/hippy-carnivoras-house.com\/plantas-carnivoras-barcelona-hippy-carnivoras-house\/","name":"Hippy Carnivoras House","description":"","publisher":{"@id":"https:\/\/hippy-carnivoras-house.com\/plantas-carnivoras-barcelona-hippy-carnivoras-house\/#organization"},"alternateName":"HCH","potentialAction":[{"@type":"SearchAction","target":{"@type":"EntryPoint","urlTemplate":"https:\/\/hippy-carnivoras-house.com\/plantas-carnivoras-barcelona-hippy-carnivoras-house\/?s={search_term_string}"},"query-input":{"@type":"PropertyValueSpecification","valueRequired":true,"valueName":"search_term_string"}}],"inLanguage":"es"},{"@type":"Organization","@id":"https:\/\/hippy-carnivoras-house.com\/plantas-carnivoras-barcelona-hippy-carnivoras-house\/#organization","name":"Hippy Carnivoras House","url":"https:\/\/hippy-carnivoras-house.com\/plantas-carnivoras-barcelona-hippy-carnivoras-house\/","logo":{"@type":"ImageObject","inLanguage":"es","@id":"https:\/\/hippy-carnivoras-house.com\/plantas-carnivoras-barcelona-hippy-carnivoras-house\/#\/schema\/logo\/image\/","url":"https:\/\/hippy-carnivoras-house.com\/wp-content\/uploads\/2024\/06\/cropped-cropped-Asset-2-1.png","contentUrl":"https:\/\/hippy-carnivoras-house.com\/wp-content\/uploads\/2024\/06\/cropped-cropped-Asset-2-1.png","width":843,"height":331,"caption":"Hippy Carnivoras House"},"image":{"@id":"https:\/\/hippy-carnivoras-house.com\/plantas-carnivoras-barcelona-hippy-carnivoras-house\/#\/schema\/logo\/image\/"}}]}},"_links":{"self":[{"href":"https:\/\/hippy-carnivoras-house.com\/plantas-carnivoras-barcelona-hippy-carnivoras-house\/wp-json\/wp\/v2\/product\/3528","targetHints":{"allow":["GET"]}}],"collection":[{"href":"https:\/\/hippy-carnivoras-house.com\/plantas-carnivoras-barcelona-hippy-carnivoras-house\/wp-json\/wp\/v2\/product"}],"about":[{"href":"https:\/\/hippy-carnivoras-house.com\/plantas-carnivoras-barcelona-hippy-carnivoras-house\/wp-json\/wp\/v2\/types\/product"}],"replies":[{"embeddable":true,"href":"https:\/\/hippy-carnivoras-house.com\/plantas-carnivoras-barcelona-hippy-carnivoras-house\/wp-json\/wp\/v2\/comments?post=3528"}],"version-history":[{"count":0,"href":"https:\/\/hippy-carnivoras-house.com\/plantas-carnivoras-barcelona-hippy-carnivoras-house\/wp-json\/wp\/v2\/product\/3528\/revisions"}],"wp:featuredmedia":[{"embeddable":true,"href":"https:\/\/hippy-carnivoras-house.com\/plantas-carnivoras-barcelona-hippy-carnivoras-house\/wp-json\/wp\/v2\/media\/3529"}],"wp:attachment":[{"href":"https:\/\/hippy-carnivoras-house.com\/plantas-carnivoras-barcelona-hippy-carnivoras-house\/wp-json\/wp\/v2\/media?parent=3528"}],"wp:term":[{"taxonomy":"product_brand","embeddable":true,"href":"https:\/\/hippy-carnivoras-house.com\/plantas-carnivoras-barcelona-hippy-carnivoras-house\/wp-json\/wp\/v2\/product_brand?post=3528"},{"taxonomy":"product_cat","embeddable":true,"href":"https:\/\/hippy-carnivoras-house.com\/plantas-carnivoras-barcelona-hippy-carnivoras-house\/wp-json\/wp\/v2\/product_cat?post=3528"},{"taxonomy":"product_tag","embeddable":true,"href":"https:\/\/hippy-carnivoras-house.com\/plantas-carnivoras-barcelona-hippy-carnivoras-house\/wp-json\/wp\/v2\/product_tag?post=3528"}],"curies":[{"name":"wp","href":"https:\/\/api.w.org\/{rel}","templated":true}]}}